 divide 2145?
True
Is 168889 a multiple of 181?
False
Is 211 a factor of 3412?
False
Does 7 divide 301?
True
Is 37 a factor of 47175?
True
Is 3 a factor of 470?
False
Is 57 a factor of 3990?
True
Is 207 a multiple of 106?
False
Is 83 a factor of 26145?
True
Is 5400 a multiple of 50?
True
Is 110 even?
True
Does 20 divide 2880?
True
Is 25 a factor of 1125?
True
Is 27 a factor of 3618?
True
Does 5 divide 4170?
True
Is 8 a factor of 1077?
False
Does 18 divide 54?
True
Is 8 a factor of 4879?
False
Does 104 divide 5200?
True
Is 19580 a multiple of 37?
False
Does 81 divide 1740?
False
Is 1701 a multiple of 27?
True
Is 14 a factor of 6595?
False
Does 22 divide 632?
False
Is 527 a multiple of 38?
False
Is 40264 a multiple of 14?
True
Is 16 a factor of 16960?
True
Is 5 a factor of 4070?
True
Is 24 a factor of 842?
False
Is 3 a factor of 1987?
False
Is 89 even?
False
Does 54 divide 3564?
True
Is 7 a factor of 9838?
False
Does 91 divide 4550?
True
Is 17 a factor of 442?
True
Is 3234 a multiple of 49?
True
Does 12 divide 5664?
True
Does 44 divide 1056?
True
Does 67 divide 36448?
True
Is 3740 a multiple of 5?
True
Does 66 divide 106956?
False
Does 32 divide 800?
True
Is 4680 a multiple of 65?
True
Is 10 a factor of 1690?
True
Is 321 a multiple of 22?
False
Does 19 divide 6152?
False
Is 824 a multiple of 8?
True
Does 224 divide 31093?
False
Is 10 a factor of 49237?
False
Is 23 a factor of 253?
True
Does 3 divide 1224?
True
Is 5813 a multiple of 7?
False
Does 13 divide 35?
False
Does 6 divide 525?
False
Is 40 a factor of 549?
False
Is 7 a factor of 587?
False
Is 627 a multiple of 57?
True
Is 25 a factor of 2750?
True
Is 9 a factor of 6553?
False
Does 29 divide 340?
False
Is 7 a factor of 530?
False
Is 864 a multiple of 24?
True
Is 850 a multiple of 5?
True
Is 16 a multiple of 16?
True
Does 41 divide 893?
False
Is 4605 a multiple of 15?
True
Is 726 a multiple of 13?
False
Does 21 divide 1617?
True
Does 10 divide 210?
True
Is 9 a factor of 45?
True
Does 51 divide 702?
False
Does 25 divide 40050?
True
Does 18 divide 2717?
False
Is 25727 a multiple of 26?
False
Is 12 a factor of 342?
False
Is 628 a multiple of 5?
False
Is 7 a factor of 49322?
True
Does 29 divide 51504?
True
Is 22 a factor of 17022?
False
Does 4 divide 2228?
True
Is 95 a multiple of 61?
False
Is 1788 a multiple of 11?
False
Does 12 divide 11238?
False
Is 46 a factor of 5782?
False
Does 16 divide 1362?
False
Is 321 a factor of 63682?
False
Is 11 a factor of 79731?
False
Is 2469 a multiple of 10?
False
Is 27 a factor of 121095?
True
Does 16 divide 4392?
False
Is 65860 a multiple of 185?
True
Does 15 divide 90?
True
Is 3 a factor of 116?
False
Is 20 a factor of 469?
False
Is 15320 a multiple of 50?
False
Is 85 a factor of 4336?
False
Is 8926 a multiple of 13?
False
Is 29 a factor of 2752?
False
Is 39 a factor of 8073?
True
Is 13279 a multiple of 133?
False
Is 37 a factor of 8142?
False
Does 24 divide 10882?
False
Is 5 a factor of 32625?
True
Is 645 even?
False
Is 2 a factor of 17748?
True
Does 115 divide 2760?
True
Is 135 a multiple of 4?
False
Is 321 a factor of 6741?
True
Is 13492 a multiple of 36?
False
Is 2 a factor of 26?
True
Is 208 even?
True
Does 35 divide 93310?
True
Is 12 a factor of 2496?
True
Is 55 a factor of 510?
False
Does 75 divide 1200?
True
Does 19 divide 5833?
True
Does 9 divide 225?
True
Is 15 a factor of 45870?
True
Is 14 a factor of 1344?
True
Is 95 a factor of 183065?
True
Is 20 a factor of 637?
False
Is 15 a factor of 210?
True
Is 1025 a multiple of 25?
True
Is 24 a factor of 5952?
True
Is 73712 a multiple of 171?
False
Does 14 divide 1306?
False
Does 13 divide 273?
True
Is 3 a factor of 185?
False
Is 11323 a multiple of 18?
False
Is 122 a factor of 3050?
True
Does 9 divide 4347?
True
Does 36 divide 13608?
True
Does 15 divide 108244?
False
Does 5 divide 2722?
False
Does 35 divide 23879?
False
Is 46 a factor of 1886?
True
Is 221 a multiple of 17?
True
Does 15 divide 2690?
False
Does 68 divide 204?
True
Is 11 a factor of 2348?
False
Is 37 a multiple of 16?
False
Does 14 divide 140?
True
Is 9 a factor of 3735?
True
Is 11748 a multiple of 6?
True
Is 340 a multiple of 68?
True
Is 2704 a multiple of 14?
False
Does 4 divide 2412?
True
Is 11 a factor of 1152?
False
Does 22 divide 549?
False
Does 314 divide 21980?
True
Is 16 a factor of 2691?
False
Is 5776 a multiple of 16?
True
Does 16 divide 528?
True
Is 17 a factor of 204?
True
Is 115 a multiple of 19?
False
Does 69 divide 1311?
True
Is 4 a factor of 250?
False
Is 3197 a multiple of 16?
False
Is 6 a factor of 7506?
True
Is 690 a multiple of 5?
True
Is 38 a factor of 9994?
True
Is 429 a factor of 32873?
False
Is 23 a factor of 1058?
True
Does 33 divide 1970?
False
Is 9 a factor of 26701?
False
Is 9595 a multiple of 19?
True
Is 40 a multiple of 8?
True
Is 71 a factor of 47712?
True
Does 217 divide 61724?
False
Is 298 a multiple of 113?
False
Is 2669 a multiple of 17?
True
Is 25842 a multiple of 59?
True
Is 33902 a multiple of 22?
True
Does 24 divide 25275?
False
Is 17510 a multiple of 17?
True
Is 20 a factor of 2680?
True
Is 13952 a multiple of 12?
False
Does 11 divide 4857?
False
Does 14 divide 34210?
False
Does 117 divide 29952?
True
Is 172 a multiple of 43?
True
Is 188 a multiple of 5?
False
Is 5 a factor of 5045?
True
Does 14 divide 1246?
True
Does 45 divide 765?
True
Is 15 a factor of 77040?
True
Is 1047 a multiple of 14?
False
Is 201 a factor of 25125?
True
Is 308 a multiple of 44?
True
Is 14104 a multiple of 43?
True
Is 128 a factor of 3328?
True
Is 747 a multiple of 21?
False
Does 21 divide 1197?
True
Is 48 a multiple of 22?
False
Does 6 divide 3385?
False
Does 65 divide 1170?
True
Does 11 divide 1071?
False
Is 13 a factor of 7587?
False
Does 15 divide 1519?
False
Is 31 a factor of 619?
False
Is 8 a factor of 10160?
True
Does 27 divide 162?
True
Is 12 a factor of 580?
False
Is 9 even?
False
Does 96 divide 1929?
False
Is 68775 a multiple of 25?
True
Is 4059 a multiple of 13?
False
Is 62 a multiple of 2?
True
Is 163 a factor of 7498?
True
Does 24 divide 2811?
False
Is 63 a factor of 10080?
True
Is 2115 a multiple of 10?
False
Is 225 a multiple of 45?
True
Does 6 divide 71388?
True
Does 6 divide 312?
True
Does 15 divide 6353?
False
Does 5 divide 650?
True
Is 210 a multiple of 21?
True
Does 26 divide 2600?
True
Is 15072 a multiple of 93?
False
Does 7 divide 3613?
False
Is 315 a multiple of 35?
True
Is 31 a factor of 10580?
False
Is 18563 a multiple of 240?
False
Does 53 divide 9541?
False
Does 11 divide 1628?
True
Is 42425 a multiple of 44?
False
Is 21 a factor of 329?
False
Does 2 divide 16213?
False
Is 17 a factor of 367?
False
Does 24 divide 14112?
True
Is 8 a factor of 12424?
True
Is 13 a factor of 18278?
True
Does 52 divide 936?
True
Is 1775 a multiple of 68?
False
Is 776 a multiple of 38?
False
Is 2243 a multiple of 38?
False
Is 2611 a multiple of 12?
False
Is 774 a multiple of 86?
True
Is 37 a factor of 118067?
True
Is 285 a multiple of 4?
False
Does 27 divide 4275?
False
Does 55 divide 4665?
False
Does 8 divide 6983?
False
Is 8 a factor of 1147?
False
Does 20 divide 1021?
False
Does 32 divide 1600?
True
Does 36 divide 7268?
False
Does 50 divide 4150?
True
Is 18314 a multiple of 9?
False
Is 357 a multiple of 17?
True
Does 6 divide 144?
True
Is 115 a factor of 2530?
True
Is 7668 a multiple of 27?
True
Does 28 divide 2184?
True
Is 1170 a multiple of 45?
True
Is 6 a factor of 540?
True
Is 25001 a multiple of 102?
False
Is 9 a factor of 809?
False
Is 35 a multiple of 5?
True
Is 5474 a multiple of 7?
True
Does 4 divide 3104?
True
Is 28 a factor of 4620?
True
Does 5 divide 5920?
True
Does 138 divide 10495?
False
Is 2 a factor of 60?
True
Is 20 a factor of 8038?
False
Is 3207 a multiple of 90?
False
Does 4 divide 64?
True
Is 588 a multiple of 12?
True
Does 17 divide 49402?
True
Is 960 a multiple of 89?
False
Is 99130 a multiple of 27?
False
Is 26033 a multiple of 21?
False
Is 13152 a multiple of 16?
True
Is 10 a factor of 7740?
True
Is 139 a factor of 10566?
False
Is 61 a factor of 915?
True
Is 41 a factor of 382?
False
Does 94 divide 1262?
False
Is 23 a factor of 989?
True
Does 8 divide 344?
True
Does 3 divide 709?
False
Does 13 divide 11659?
False
Is 26 a factor of 5980?
True
Does 43 divide 3182?
True
Is 13 a factor of 442?